= -23*x**3 - 138*x**2 + 1. Let l be g(-6). What is the highest common divisor of 1 and l?
1
Let r(d) = -d**3 + 7*d**2 + 11*d - 9. Let o be r(5). Calculate the greatest common divisor of o and 168.
24
Let v be (((-192)/20)/(-4))/((-3)/(-10)). Suppose v*r + 16 - 48 = 0. What is the greatest common divisor of r and 52?
4
Let n(j) = 9*j**2 + 3*j + 2. Let v be n(-2). Suppose 4*c - 8 = -0*c, 0 = -3*o + 3*c - 54. Let z = v + o. What is the highest common divisor of 8 and z?
8
Suppose -4*t - s + 254 = 0, 4*s - 2*s - 124 = -2*t. Suppose -5*w + t = 4. Calculate the greatest common factor of w and 12.
12
Let r = 336 - 301. Calculate the greatest common divisor of 5 and r.
5
Let j(n) = 4*n**2 - 2*n + 2. Let l be j(-4). Let m = l + 1. Let i = 26288 + -26258. Calculate the highest common factor of i and m.
15
Let j be -2 - (1 + 7 + -46). Calculate the greatest common factor of j and 288.
36
Let w = 1336 + 481. Calculate the highest common divisor of w and 23.
23
Suppose 3*y + 2*z = 61, -5*y - 3*z = -2*z - 104. Let u be (-6)/12 + (-30)/(-4). What is the greatest common divisor of y and u?
7
Let a be 2 - 2 - 0*(-1)/(-2). Suppose -z - 4*k = -a*z - 52, z + 5*k - 47 = 0. Calculate the highest common factor of 9 and z.
9
Let d = -599 - -617. Let u(i) = 26*i**3 + 2*i**2 - i. Let f be u(1). What is the greatest common divisor of d and f?
9
Suppose 288 = i - 2*i + 301. Let a(q) = 4*q. Let k be a(1). Suppose 5*o = -k*l + 138, 4*o + l = 6*l + 94. Calculate the highest common factor of i and o.
13
Suppose 3*v - 4*g = -1, -5 = 3*v + 2*g - 28. Suppose v*u - 63 = 7. Suppose 3*z - 2*b = 6, 8*z + 2*b = 3*z + 10. What is the greatest common divisor of z and u?
2
Let x = -14 - -15. Suppose 2*a + 20 = -5*f, f + a = -3 - x. Let j = f + 36. What is the highest common divisor of 4 and j?
4
Let w = 347 - 302. Calculate the highest common divisor of 55 and w.
5
Suppose 0*g = -g + t + 1832, 5*g - 9160 = 4*t. Calculate the highest common divisor of 8 and g.
8
Let o(u) = -u**3 - 4*u**2 - 2*u - 7. Let z = -6 + 1. Let n be o(z). Suppose 0*j - 5*j = 4*s - 3, s = -2*j - 3. Calculate the highest common factor of n and s.
7
Suppose 27*a + 792 = 31*a. What is the highest common divisor of a and 18?
18
Let v = -14 + 31. Let b = v - 9. What is the greatest common factor of b and 24?
8
Suppose -778 - 236 = -13*s. What is the greatest common divisor of s and 182?
26
Let y be 6/27 - (-63550)/279. Calculate the highest common divisor of 18 and y.
6
Let n be (7*4)/(48/168). What is the greatest common divisor of n and 28?
14
Suppose 0 = 2*x + 3*v + 58 - 12, 5*x - 5*v + 90 = 0. Let r = x - -24. Suppose 2 = -5*z - 3, 3*z = -r*o + 117. What is the highest common factor of 15 and o?
15
Let r be (-3)/6*-22*5. Let x = 187 + -110. Let h be ((-8)/14)/((-2)/x). What is the greatest common factor of r and h?
11
Let a(i) = -38*i - 109. Let k be a(-3). Calculate the greatest common factor of 115 and k.
5
Suppose 242 = 9*h - 766. Let a be (-18)/4 + (-2)/(-4). Let d be a/6 + h/24. Calculate the greatest common factor of 44 and d.
4
Let d be 1/(20/115) + (-2)/(-8). Suppose d*b - 7*b = -45. Calculate the highest common factor of 18 and b.
9
Let c be 156 + -117 + (-1 - 7). Calculate the highest common factor of 5 and c.
1
Let m(t) = -t**3 - 33*t**2 + 31*t - 30. Let d be m(-34). Suppose -5*h - 5*s = -4*s - 116, -3*h - 4*s + 56 = 0. Calculate the greatest common factor of h and d.
24
Suppose 3*q = q + 12. Let d = q - -3. What is the greatest common divisor of d and 18?
9
Suppose 0 = -s + f + 49, 3*s - 75 = -2*f + 77. Let c = 3 + 2. Suppose -c*j + 17 = -83. Calculate the highest common factor of j and s.
10
Let t be (7/2)/((-504)/(-8352)). Calculate the greatest common divisor of t and 667.
29
Let s be -2 + 2 - -27*1. Suppose 0 = -u + 2*u + 4*u. Let a be 1 - -1 - (u + -133). What is the greatest common factor of s and a?
27
Suppose 0 = -4*c + b + 59, 32 = 3*c - 4*b + 4. Let f(j) = 5*j**3 + j**2 + 4*j - 12. Let a be f(2). Calculate the greatest common factor of c and a.
8
Let l = -139 + 310. Let w = -11239 - -11248. Calculate the greatest common factor of l and w.
9
Let p be ((-405)/((-108)/12))/3. Suppose 6*x - 2*x + 2*g = 668, 2*x + 3*g - 342 = 0. What is the greatest common factor of p and x?
15
Let a = 47 + 12. Let x = -13 + a. What is the highest common divisor of x and 23?
23
Let u(r) = 3*r + 49. Let o be u(-15). Suppose -4*f = -d - 2*d + 408, 0 = 3*d + o*f - 432. What is the greatest common divisor of d and 56?
28
Let i = 7287 - 4979. Let j be 8/(-12) + i/6. Suppose -p + 5*p = j. Calculate the greatest common factor of 12 and p.
12
Let q = 603 - 330. Calculate the highest common factor of q and 7.
7
Let h be (6/(-5))/((-4)/(-140)). Let u = -33 - h. What is the greatest common divisor of 72 and u?
9
Let v = -1165 + 1452. What is the highest common factor of v and 7?
7
Let v = 257 - 177. Suppose -v = -z - 3*z. Let o(a) = 2*a**2 + 5*a + 18. Let d be o(-4). What is the greatest common divisor of d and z?
10
Suppose x + 4*x = -3*q + 2850, -x = -3*q - 570. What is the highest common factor of x and 30?
30
Let m = -76 + 86. What is the greatest common factor of m and 420?
10
Suppose 8 - 18 = -2*l. Suppose -29 = -l*c + 66. Calculate the highest common divisor of 19 and c.
19
Suppose 0 = 5*o - 419 - 6. What is the greatest common divisor of o and 2465?
85
Let x(l) = -l - 1. Let t be x(-6). Suppose n - 3*n - 1 = -h, -3*h + t*n = -6. Calculate the highest common factor of h and 56.
7
Suppose 7 = -2*c + c. Let k = 7 + c. Suppose -3*s - 6 = -2*u, 2*s = -2*u - k*s + 6. Calculate the highest common divisor of 2 and u.
1
Let y = 127 - 115. Calculate the highest common divisor of y and 60.
12
Let m(g) = g**3 + g**2. Let w be m(0). Suppose 4*r - 11*r + 665 = w. Calculate the greatest common factor of r and 19.
19
Suppose -p + 5 = -2*m + 3, p - 2 = m. Suppose -5*x + 3 = -w, m = 2*w - 0*w + x - 5. Calculate the highest common divisor of w and 8.
2
Suppose -11*y = -8*y - 9. Let g be 18*(6/21)/(y/7). Suppose 0 = -2*a - 0*a + 216. What is the highest common divisor of g and a?
12
Suppose 41*r + y - 42 = 39*r, -5*r + 105 = -y. Calculate the greatest common divisor of 6 and r.
3
Let p = 103 - 37. Suppose 5*n + n = p. Calculate the greatest common factor of n and 99.
11
Suppose 57 - 165 = 6*i. Let f = i + 20. Suppose -5*w - 17 = -2*u + 3, -3*u = -4*w - 30. Calculate the greatest common factor of u and f.
2
Let h(l) = -289*l + 705. Let x be h(-7). What is the highest common divisor of 88 and x?
88
Let y be 26 - 1/2*0. Let o = 614 - 354. Suppose o = -2*z + 6*z. What is the greatest common divisor of y and z?
13
Let p(n) = -n + 2. Let h be p(0). Let x = 128 - 112. Calculate the highest common factor of x and h.
2
Let o be (2 + (-2)/4)/((-21)/(-56)). Let y(d) = 3*d**2 - 2*d + 2. Let v be y(2). Suppose 0 = 8*h - v*h + o. Calculate the highest common factor of 4 and h.
2
Let w(f) be the third derivative of 5*f**4/24 - 19*f**3/6 + 21*f**2. Let z be w(7). What is the highest common factor of 176 and z?
16
Suppose -109*p + 65*p + 3872 = 0. What is the highest common factor of 242 and p?
22
Suppose -q + 0*q + 56 = 0. Let p be (-15)/5 + (-4)/(-1). Let f(a) = 15*a**3 - a**2 - 2*a + 2. Let l be f(p). Calculate the greatest common divisor of l and q.
14
Let t be (-25 + (-7 - -15))/((-3)/15). Suppose -z = 3*z - i - 140, -z + 5*i = -54. Calculate the highest common divisor of t and z.
17
Let y = 14609 - 14596. Suppose 0*z + 4*z = 4. Calculate the highest common divisor of y and z.
1
Let k = 886 + -874. Let x(z) = z**2 - 1. Let y be x(2). What is the greatest common divisor of y and k?
3
Let u(t) = -t**2 + 51*t - 260. Let a be u(45). Calculate the highest common divisor of 5 and a.
5
Suppose -8*c + 1505 = -4407. Suppose -a = -v - 190, v - 4*v = 4*a - c. Calculate the greatest common factor of 17 and a.
17
Let o be (1 + -1)/3*-1. Suppose o*t + 5*t = 30. Suppose -m - t = -62. What is the greatest common divisor of m and 14?
14
Suppose -18 = -3*a + 3*f, 0 = 5*a - a + 4*f - 64. Suppose 2140 = -3*b + 13*b. Let u = -115 + b. Calculate the greatest common factor of u and a.
11
Let u(q) = q**3 - 3*q**2 - 6*q - 7. Let d be u(5). Let k be (208/(-3))/(8/(-24)*2). Calculate the greatest common divisor of k and d.
13
Let s be -16 - ((-44)/(-33))/((-2)/3). Let f 